r of 3345 and 4755.
15
What is the highest common factor of 57 and 315381?
57
What is the highest common factor of 4770 and 49500?
90
What is the highest common factor of 1099 and 3080?
7
Calculate the highest common factor of 120 and 69087.
3
What is the highest common divisor of 2304 and 67552?
32
What is the greatest common divisor of 5259435 and 15?
15
Calculate the highest common divisor of 1080 and 1336.
8
What is the greatest common divisor of 2651760 and 16240?
2320
Calculate the greatest common divisor of 3218999 and 532.
133
What is the highest common divisor of 363 and 4010061?
363
Calculate the greatest common factor of 72 and 67356.
36
Calculate the highest common factor of 24140 and 9585.
355
What is the highest common factor of 41917 and 167?
167
What is the highest common divisor of 6 and 154242?
6
Calculate the highest common divisor of 1144 and 4056.
104
What is the highest common factor of 112 and 672392?
56
Calculate the highest common divisor of 18198 and 594.
54
What is the greatest common factor of 29937 and 11781?
51
Calculate the greatest common factor of 42496 and 1504.
32
What is the greatest common factor of 2211 and 45426?
201
Calculate the greatest common divisor of 29198 and 2626.
26
What is the highest common divisor of 61788 and 57?
57
Calculate the greatest common factor of 62 and 9702318.
62
What is the highest common factor of 27958 and 56?
14
Calculate the highest common factor of 210 and 48930.
210
Calculate the highest common divisor of 14620 and 1204.
172
What is the greatest common factor of 552 and 61512?
24
Calculate the highest common divisor of 215440 and 28.
4
Calculate the highest common divisor of 361 and 97109.
361
Calculate the greatest common factor of 310 and 3830.
10
What is the highest common factor of 1081 and 2231?
23
Calculate the highest common factor of 82628 and 2912.
364
Calculate the greatest common divisor of 5778 and 294.
6
What is the highest common factor of 2 and 30283?
1
Calculate the greatest common factor of 4 and 16364.
4
What is the highest common factor of 18456 and 192?
24
Calculate the greatest common factor of 328 and 697.
41
What is the greatest common factor of 6578 and 1716?
286
Calculate the greatest common divisor of 1351018 and 592.
74
Calculate the greatest common factor of 3448 and 201277.
431
Calculate the highest common divisor of 13 and 12220.
13
Calculate the greatest common factor of 644 and 214222.
46
Calculate the greatest common factor of 117488 and 448.
112
Calculate the greatest common factor of 110 and 367125.
55
What is the highest common factor of 5814 and 25517?
323
What is the highest common divisor of 4585970 and 635?
635
What is the highest common factor of 1488 and 3357672?
744
What is the greatest common factor of 379203 and 33?
33
Calculate the highest common factor of 2344815 and 264.
33
What is the highest common factor of 590 and 2720?
10
Calculate the greatest common factor of 814 and 7.
1
Calculate the greatest common divisor of 42 and 2059554.
42
Calculate the highest common factor of 2079 and 990.
99
What is the highest common divisor of 127 and 2007?
1
What is the highest common divisor of 331764 and 12?
12
Calculate the highest common factor of 11879 and 27.
1
What is the highest common factor of 396 and 1476?
36
What is the greatest common divisor of 22930 and 15?
5
What is the highest common divisor of 2142 and 117?
9
Calculate the greatest common factor of 928620 and 98.
14
Calculate the highest common divisor of 2264 and 1.
1
Calculate the greatest common divisor of 6955104 and 832.
416
Calculate the highest common factor of 141 and 4401.
3
Calculate the greatest common divisor of 25334 and 424.
106
Calculate the highest common factor of 186589 and 31.
31
Calculate the greatest common divisor of 140 and 5120.
20
Calculate the greatest common divisor of 25727 and 1313.
13
What is the greatest common divisor of 284694 and 276?
138
What is the highest common divisor of 224 and 9184?
224
Calculate the highest common divisor of 2608 and 5960584.
1304
Calculate the highest common divisor of 206430 and 840.
210
What is the greatest common divisor of 598822 and 42?
14
Calculate the greatest common factor of 1 and 240972.
1
Calculate the greatest common factor of 816 and 231472.
272
What is the greatest common factor of 18 and 93321?
9
What is the greatest common divisor of 1575 and 269955?
315
Calculate the greatest common factor of 11178 and 48.
6
Calculate the highest common divisor of 48971 and 13.
13
What is the highest common divisor of 12 and 366588?
12
Calculate the greatest common factor of 1480 and 2600.
40
What is the greatest common divisor of 1932 and 10122?
42
Calculate the highest common divisor of 7259 and 305.
61
What is the greatest common factor of 5883 and 159?
159
Calculate the highest common divisor of 1869647 and 851.
851
Calculate the greatest common factor of 732 and 540948.
732
Calculate the greatest common factor of 11610 and 13760.
430
Calculate the greatest common factor of 128673 and 204.
51
Calculate the highest common divisor of 261150 and 900.
150
Calculate the greatest common divisor of 29555 and 2645.
115
What is the greatest common divisor of 172393 and 447?
149
What is the highest common divisor of 153711 and 36?
9
What is the greatest common divisor of 2112 and 24000?
192
Calculate the greatest common divisor of 225028 and 129224.
2228
Calculate the greatest common factor of 70666 and 534.
178
What is the highest common divisor of 1840 and 17388?
92
What is the greatest common factor of 61 and 67283?
61
What is the highest common factor of 19958 and 712618?
1174
Calculate the highest common factor of 7 and 2005619.
7
What is the highest common divisor of 9284 and 44?
44
What is the highest common divisor of 558 and 316014?
186
Calculate the highest common factor of 187253 and 145.
29
Calculate the greatest common factor of 22 and 1331.
11
Calculate the greatest common factor of 2077 and 235073.
31
What is the greatest common divisor of 95289 and 4416?
69
What is the greatest common divisor of 51712 and 80?
16
Calculate the highest common factor of 171044 and 2.
2
What is the highest common divisor of 360910 and 20?
10
What is the highest common divisor of 18 and 16938?
18
What is the highest common divisor of 104 and 375856?
104
What is the greatest common divisor of 3936117 and 1812?
453
What is the greatest common divisor of 2486 and 1562?
22
What is the highest common factor of 9512 and 870?
58
Calculate the greatest common divisor of 68411 and 667.
29
What is the highest common factor of 1060 and 42800?
20
Calculate the highest common divisor of 3599525 and 25.
25
Calculate the highest common factor of 140 and 504800.
20
Calculate the greatest common factor of 585230 and 5590.
430
Calculate the highest common divisor of 413990 and 15.
5
What is the greatest common divisor of 49 and 44450?
7
Calculate the highest common factor of 500 and 24720.
20
What is the greatest common divisor of 147844 and 2162?
46
Calculate the greatest common divisor of 165 and 69465.
165
Calculate the highest common factor of 1272 and 43089.
159
What is the greatest common factor of 1899 and 2880?
9
Calculate the greatest common factor of 782 and 23966.
46
What is the greatest common factor of 5893955 and 205?
205
What is the greatest common factor of 10648 and 96?
8
What is the highest common factor of 2638 and 2762?
2
Calculate the greatest common divisor of 19964 and 4.
4
What is the greatest common factor of 21 and 455?
7
What is the greatest common factor of 94941 and 79871?
1507
What is the highest common divisor of 9184 and 21238?
574
What is the highest common factor of 83372 and 380?
76
What is the highest common divisor of 349621 and 313?
313
Calculate the highest common factor of 165716 and 68.
68
What is the highest common factor of 209 and 23221?
11
Calculate the highest common factor of 23 and 139012.
23
What is the highest common factor of 80 and 74180?
20
Calculate the highest common factor of 12285 and 1911.
273
What is the highest common factor of 473 and 121?
11
What is the greatest common divisor of 1920 and 103896?
24
Calculate the highest common factor of 140 and 215180.
140
Calculate the highe